et m(i) = -i**3 - 2*i**2 - 2*i + 1. Let j be m(-2). Suppose 3*t = 4*t - j. Suppose t*p - 217 = 53. Calculate the highest common factor of 6 and p.
6
Let j be (2*9 - (11 + -8)) + -2. Calculate the greatest common divisor of j and 39.
13
Suppose 12 = 2*u - 3*s, -u + 1 = 5*s + 8. Suppose 3*a = -u, 5*z + a = 4*a - 97. Let f be (0 - (z + -2)) + 2. What is the greatest common divisor of 36 and f?
12
Let i(x) = 8*x - 13 + 12*x + 7 - 6. Let o be i(5). What is the highest common divisor of o and 11?
11
Let r = -5 + 9. Suppose 0 = -4*i + r*k - 4, -5*i - 3*k = -6*k + 15. Let g be (-22)/i + 5/15. Calculate the highest common factor of 36 and g.
4
Let v be ((-33)/12)/(1/(-60)). Calculate the highest common divisor of v and 15.
15
Suppose 0 - 20 = -4*c. Let f be c/(15/42)*1. Let q = -70 - -112. What is the highest common divisor of f and q?
14
Suppose -4*w - 2*m = -174, 4*w - 3*m = -w + 223. Suppose -8 = -2*q + 2. Let c = q + 17. Calculate the highest common divisor of c and w.
22
Suppose 4*a - 4*n = 4, a - 2*n - 3 + 6 = 0. Let u = a + -3. Suppose -u*m + 264 = -0*m. What is the highest common factor of m and 12?
12
Let r = 1 + 1. Suppose 2*m + v = -18, -r*m + v - 6*v = 26. Let i = 15 + m. Calculate the highest common factor of 63 and i.
7
Let f(p) = p - 2. Let s be f(1). Let h be (-12)/(-9) - s/(-3). What is the highest common divisor of 4 and h?
1
Let g = -39 - -69. Suppose -25 = -s - 3*f - 6, s + 5*f = 25. Calculate the greatest common divisor of s and g.
10
Suppose -v = -3*v + 5*z + 220, -2*z = 2*v - 220. Let i(d) = -d + 4. Let h be i(-6). What is the greatest common divisor of h and v?
10
Suppose w + 2*u + 3 = -7, -16 = 4*w + 2*u. Let q = 1 - w. Suppose -5*l - q*a = -60, -l - 3*a = -16 + 4. What is the greatest common factor of 84 and l?
12
Let n be 2/2 - 207/(-23). Calculate the greatest common factor of n and 80.
10
Let s be (4/(-4) - -22) + -3. Suppose -s = -5*u + 17. What is the greatest common factor of 7 and u?
7
Let j(p) = 3*p**3 - 2*p**2 - 3*p. Let y be j(3). Let q(w) = 19*w**3 - w**2 + 3*w - 3*w. Let a be q(1). What is the greatest common divisor of y and a?
18
Let i be 2/8 + (-86)/(-8). Suppose i = 3*q + 3*u - 16, 0 = 5*u + 25. Calculate the highest common divisor of 35 and q.
7
Let h = 35 + -49. Let g be (-24)/h*(-4 - -11). Calculate the greatest common divisor of g and 12.
12
Suppose 2*q - 30 = 2. Let u be -4*(-3)/((-6)/(-8)). What is the highest common divisor of u and q?
16
Suppose -5*l + 37 = w, w + 3*l = -2*w + 75. Let u be (-464)/(-11) + (-4)/w. Calculate the highest common factor of 28 and u.
14
Suppose -3*q = 30 + 87. Let b = -9 - q. What is the greatest common divisor of b and 45?
15
Suppose -5*f = -0*f - 1170. What is the greatest common factor of 18 and f?
18
Suppose 4*c = 3*x - 5 + 1, 5*c = -x + 14. Suppose c*a = 138 - 30. What is the greatest common factor of a and 36?
18
Suppose -4*o + 880 = 7*f - 5*f, 4*f - 220 = -o. Calculate the highest common factor of o and 20.
20
Let v = 2 - 3. Let z(m) = 22*m**2 + 2*m - 1. Let f(t) = -t. Let y(o) = 2*f(o) + z(o). Let p be y(v). Calculate the greatest common factor of p and 84.
21
Let k be (-4)/(-5)*30/12. Let y(s) = -3*s**k + 4*s**2 + s**2. Let m be y(1). Calculate the highest common divisor of 2 and m.
2
Let r be (-25)/(-3)*6/5. Let i = 3 - 1. Suppose i*c - 2 - 18 = 0. Calculate the highest common divisor of r and c.
10
Let w be (-3)/2*(-11 + 1). What is the greatest common factor of w and 3?
3
Let s(n) = n + 2. Let x be s(16). What is the greatest common divisor of 12 and x?
6
Suppose 0 = -5*d + 7 + 8. Suppose -43 = -3*r + 2*r + w, -4*r + d*w + 174 = 0. Suppose -u + 4*u = r. Calculate the greatest common divisor of 15 and u.
15
Let r(n) = 5*n + 37. Let p be r(-5). What is the greatest common factor of p and 54?
6
Suppose -6*g + 10 = 4*g. What is the greatest common factor of g and 3?
1
Let n = 75 + -45. What is the highest common factor of 75 and n?
15
Let f be 6/(-8) - (1411/(-68) + 9). Suppose 4*x - 88 = -4*i, 3*x + 5*i - 88 = -x. Calculate the greatest common factor of f and x.
11
Suppose x - 222 = -3*h - h, -4*x + 963 = h. Calculate the highest common factor of 22 and x.
22
Let h(a) be the first derivative of a**4/4 + 4*a**3/3 + 3*a**2/2 + 4*a + 1. Let q be h(4). Calculate the highest common divisor of 18 and q.
18
Let z(s) = s + 9. Let x be z(-7). What is the greatest common factor of x and 14?
2
Let o be (-6)/(-1)*(-3)/(-6). Suppose o*g - 183 = -0*g. Suppose -4*v + 59 = -g. Calculate the greatest common divisor of 6 and v.
6
Let x = 18 + -18. Suppose x*v + 8 = v. What is the greatest common factor of 12 and v?
4
Suppose -2*j + 4 = -4*s - 24, 2*j - 30 = 3*s. What is the highest common factor of 18 and j?
18
Let x = -18 + 23. Suppose 3*y = -x*q + 500, y = -y. Calculate the highest common factor of q and 20.
20
Suppose -7 + 27 = -5*f. Let b = f + 16. Let y(k) = 2*k + 2. Let i be y(5). What is the greatest common divisor of b and i?
12
Let f be (-2)/(-9) + (4 - 338/(-18)). What is the highest common factor of f and 207?
23
Let f be (-3 - -5)*(-3)/(-2). Suppose -2*q = -f*q - 4. Let b be 10/q*72/(-20). What is the greatest common factor of 45 and b?
9
Let k = -10 + 22. Let m be 640/k + 4/6. Calculate the greatest common divisor of m and 9.
9
Let z = 6 + -3. Let n = 143 + -115. Suppose -q = z*q - n. Calculate the greatest common divisor of q and 7.
7
Let d(v) = v**3 + 12*v**2 + 19*v + 4. Let w be d(-8). What is the highest common factor of 72 and w?
36
Let w(r) = -r**2 + 8*r + 15. Let z be w(7). Calculate the highest common factor of 55 and z.
11
Let s = -16 + 6. Let p be (8/s)/((-1)/5). Suppose 11 + 21 = p*c. What is the highest common factor of 1 and c?
1
Let g be (3*1)/((-6)/6). Let a = g - -10. Let u(b) = b**3 - 2*b**2 + 3*b + 5. Let p be u(4). Calculate the greatest common divisor of a and p.
7
Let l = 12 + 68. Let k be 12 - (1 + 1)/(-2). Let o = -3 + k. What is the highest common divisor of o and l?
10
Let b = -11 - -18. Let c = -23 + 44. Calculate the greatest common divisor of c and b.
7
Let m be 0*(-4)/4 - 25*-3. Suppose 0*z + 30 = 2*z. Calculate the greatest common divisor of m and z.
15
Let z = -37 - -25. Let x be ((-22)/(-6))/((-4)/z). Let l(k) = -2*k**3 + 2*k**2 - 2*k - 1. Let r be l(-3). What is the greatest common factor of r and x?
11
Let t(n) = -n**2 - 5*n - 1. Let g be t(-4). Suppose 0*b - 30 = -g*b. What is the highest common divisor of b and 2?
2
Let o(l) = -21*l - 2. Suppose -4*i - 2*q = 0, -2*q + 2 = 5*i + q. Let v be o(i). Let f = v - 21. What is the highest common factor of f and 209?
19
Let s(n) = 4*n**2 - 6*n - 6. Let z be s(8). Suppose 5*v = 4*m - 0*m + 528, -3*m + z = 2*v. Calculate the highest common divisor of v and 13.
13
Let c = 0 + 1. Let p be 0 + 5 + c + -2. Suppose p*b - 14 - 90 = 0. Calculate the highest common divisor of 13 and b.
13
Let l be 1130/18 - 12/(-54). Calculate the greatest common divisor of l and 9.
9
Let z be ((-1)/(-4))/((-3)/(-12)). Let f be 5*(2 + z + -2). Suppose 4*s = -5*o - s + 45, f*s = 0. What is the highest common factor of o and 45?
9
Let j be ((-9)/(-5))/(1 + (-28)/40). Calculate the greatest common divisor of j and 6.
6
Let l(n) = n**2 + 3*n - 8. Let j be l(-6). Calculate the greatest common divisor of j and 10.
10
Let y be 131 + 1*(2 + -1)/(-1). What is the highest common factor of y and 26?
26
Suppose 5*l - l - 8 = 0. Suppose 7*d - 85 = 2*d. Suppose 0 = l*u - 63 - d. Calculate the greatest common factor of 5 and u.
5
Suppose -5*o + 80 = -o. Let u = -4 + 3. Let a(k) = -30*k. Let d be a(u). Calculate the greatest common factor of d and o.
10
Suppose -36 = 3*x - 7*x. What is the highest common divisor of x and 81?
9
Let a = 61 + -13. What is the highest common factor of a and 120?
24
Suppose -557 - 5 = -3*v - 5*a, 0 = -v + a + 190. Let n(t) = 2*t**2 - t. Let p be n(-3). Calculate the greatest common divisor of p and v.
21
Suppose -p + 3*q = p - 69, -3*q - 30 = -p. Suppose -u - 14 + p = 0. Calculate the greatest common divisor of u and 10.
5
Let r(m) = m**2 + 13*m + 7. Let l be r(-13). Calculate the highest common factor of l and 49.
7
Suppose -2*i + 14 = 2. Let r be 0*2/i + 55. Calculate the greatest common divisor of 5 and r.
5
Suppose 0 = -5*y - r + 32, -r + 4 = r. What is the greatest common factor of y and 24?
6
Let i 